(-19).
-44
Let b(k) = -1432*k**2 + 88*k + 2. Calculate b(0).
2
Let m(z) = -z**2 - 8241*z + 1783371. What is m(211)?
-1
Let z(p) = -3*p**2 - 20440*p + 102221. Determine z(5).
-54
Let u(s) = 287*s**2 - 1875*s - 7. What is u(6)?
-925
Let j(v) = v**3 + 155*v**2 + 2989*v + 436584. What is j(-154)?
-6
Let k(f) = 7*f**3 - 2534*f**2 + 2539*f - 4099. Determine k(361).
233
Let q(i) = -12481*i + 24002. Give q(2).
-960
Let x(g) = 177*g - 5184. What is x(30)?
126
Let l(q) = -q**3 + 121*q**2 - 917*q + 25. Determine l(8).
-79
Let k(s) = 3*s**3 - 2006*s**2 - 8753*s + 2683. What is k(673)?
-9
Let l(r) = 46*r**2 + 9063*r + 430. What is l(-197)?
233
Let l(h) = -8957*h + 18030. What is l(2)?
116
Let l(m) = 9*m**2 + 346*m + 2745. Determine l(-12).
-111
Let r(n) = 2*n**3 - 18*n**2 - 113*n + 1101. Give r(7).
114
Let q(f) = 124584*f - 27782236. Calculate q(223).
-4
Let g(n) = -58*n**2 - 1974*n + 60. What is g(-34)?
128
Let d(p) = -511*p + 31119. Determine d(61).
-52
Let z(a) = 3*a**2 + 13*a + 291. What is z(16)?
1267
Let g(a) = -95*a**2 - 2520*a + 68. Determine g(-27).
-1147
Let q(f) = -169241*f - 169226. Give q(-1).
15
Let n(l) = -2*l**2 + 2868*l - 872498. Calculate n(438).
-2
Let i(y) = -21278*y - 85192. Determine i(-4).
-80
Let b(y) = 10*y**2 + 579*y + 2633. What is b(-53)?
36
Let v(r) = -98*r**3 + 60*r**2 + 9*r - 3. What is v(3)?
-2082
Let l(g) = -7986*g + 135762. Give l(17).
0
Let a(t) = 742*t + 16525. What is a(-24)?
-1283
Let p(r) = 50971*r - 1885937. What is p(37)?
-10
Let o(a) = a**3 - 16*a**2 - 39*a - 10. What is o(21)?
1376
Let q(z) = 2*z**2 + 6602*z - 382752. Give q(57).
60
Let a(d) = 110*d - 27471. Determine a(254).
469
Let g(u) = 7*u**3 + 49*u**2 + 42*u + 182. Give g(-8).
-602
Let c(j) = -44037*j + 880789. Determine c(20).
49
Let x(a) = -5*a**2 + 85*a + 21. Give x(29).
-1719
Let v(n) = 3*n**2 - 2160*n - 26422. Calculate v(-12).
-70
Let v(b) = 40*b**3 + 2038*b**2 - 104*b - 21. What is v(-51)?
81
Let r(u) = -13*u**3 + 3*u**2 + 2*u - 67. Give r(0).
-67
Let x(v) = 88777*v - 177550. Calculate x(2).
4
Let v(f) = -12962*f + 13020. What is v(1)?
58
Let q(m) = -2*m**3 + 64*m**2 + 264*m - 40. Calculate q(-4).
56
Let u(j) = -9499*j - 59910. Give u(-6).
-2916
Let j(y) = 737*y - 50115. What is j(68)?
1
Let d(v) = v**3 - 19*v**2 + 2*v - 1033. Determine d(0).
-1033
Let t(k) = -2*k**3 - 191*k**2 + 10549*k + 1011162. What is t(-95)?
-18
Let p(i) = 87691*i + 87694. Calculate p(-1).
3
Let l(g) = 30592*g + 367108. Determine l(-12).
4
Let x(s) = 3*s**2 - 380*s + 7633. Calculate x(102).
85
Let c(i) = -i**3 - 3918*i**2 - 35175*i + 63. What is c(-9)?
9
Let n(u) = u**2 + 3492*u - 1795901. Calculate n(455).
-16
Let d(f) = 5*f**3 - 2592*f**2 - 1587*f + 15568. Calculate d(519).
-2
Let f(m) = -2*m**3 - 2553*m**2 - 806470*m - 8. What is f(-574)?
-8
Let j(z) = -z**3 - 122*z**2 - 3589*z - 76. Determine j(-51).
-1708
Let p(i) = -610*i + 195130. Give p(320).
-70
Let x(q) = 245*q + 5568. Determine x(-21).
423
Let m(f) = -f**3 - 538*f**2 - 8216*f - 18090. Determine m(-13).
-7
Let w(n) = -3236*n - 206925. Calculate w(-64).
179
Let c(s) = -14*s**2 - 2107*s - 10507. What is c(-5)?
-322
Let j(k) = 73*k - 2410. Determine j(-11).
-3213
Let r(a) = -7*a**2 + 1003*a + 46261. What is r(180)?
1
Let w(o) = 6247*o + 162439. Calculate w(-26).
17
Let k(y) = -34*y**2 - 630*y - 434. Determine k(-18).
-110
Let o(g) = -15*g**2 + 933*g - 8772. Calculate o(49).
930
Let y(j) = 34*j**3 - 78*j**2 - 13*j + 21. Give y(2).
-45
Let o(l) = 335335*l + 6371347. Calculate o(-19).
-18
Let h(c) = -2*c**3 + 17*c**2 - 53*c + 5. Give h(6).
-133
Let g(k) = 20331*k + 40660. What is g(-2)?
-2
Let w(v) = -2*v**3 + 29*v**2 - 83*v - 36. Determine w(11).
-102
Let v(q) = -6396*q + 6152903. Determine v(962).
-49
Let u(x) = 14*x**3 + 618*x**2 + 21*x - 2877. Give u(-44).
71
Let w(h) = 719*h + 7989. Calculate w(-11).
80
Let t(d) = -d**2 - 247*d - 3900. Give t(-17).
10
Let g(f) = -620*f - 145072. Give g(-234).
8
Let y(x) = -111*x + 1511. Give y(17).
-376
Let h(z) = 16*z + 583. Calculate h(-55).
-297
Let z(d) = d**3 + 91*d**2 + 1241*d + 139. Calculate z(-18).
1453
Let v(f) = -5*f**3 - 21*f**2 - 88*f - 8. Determine v(-6).
844
Let v(c) = 3*c**3 - 25*c**2 - 416*c + 88. Calculate v(-9).
-380
Let o(w) = w**3 + 191*w**2 - 3312*w - 94. Calculate o(-207).
-94
Let o(b) = -4*b**2 + 77*b + 688. Calculate o(30).
-602
Let s(l) = 148*l - 34717. What is s(239)?
655
Let w(m) = 432*m - 28933. Calculate w(62).
-2149
Let m(a) = a**2 + 2614*a - 394237. Determine m(143).
14
Let v(o) = 47*o**2 + 1552*o + 16. What is v(-33)?
-17
Let c(k) = -44*k**2 + 59*k - 353. Determine c(7).
-2096
Let n(i) = -3*i**3 + 287*i**2 - 1261*i - 1181. Calculate n(91).
2
Let c(v) = -v**2 - 5085*v - 653812. What is c(-132)?
-16
Let g(k) = k**3 - 45*k**2 + 271*k - 461. What is g(39)?
982
Let x(p) = -21*p**2 + 262*p + 307. Calculate x(12).
427
Let m(c) = -c**2 + 323*c - 18277. What is m(250)?
-27
Let h(u) = -26*u**3 + 43*u**2 - 37*u + 8. What is h(1)?
-12
Let b(f) = -367*f + 1110. Calculate b(3).
9
Let l(q) = -4*q**3 + 77*q**2 + 75*q - 335. Give l(20).
-35
Let c(l) = 3*l**2 + 2005*l - 68695. What is c(-701)?
3
Let k(b) = b**3 - 44*b**2 - 117*b + 6777. Give k(43).
-103
Let a(k) = 436*k + 166759. What is a(-382)?
207
Let r(u) = -351955*u + 1407832. What is r(4)?
12
Let q(j) = -27969*j - 251865. Calculate q(-9).
-144
Let m(z) = 3*z**3 - 1696*z**2 + 803*z - 134468. Give m(565).
2
Let o(r) = r**3 - 204*r**2 - 213*r + 1916. What is o(205)?
276
Let t(c) = -c**2 - 22*c + 2614. Give t(40).
134
Let u(z) = 8*z**2 + 372*z - 29201. Determine u(-88).
15
Let r(d) = -6642*d + 265659. Calculate r(40).
-21
Let y(f) = 1930*f - 57794. Calculate y(30).
106
Let x(n) = 26*n**2 - 561*n + 299. Determine x(23).
1150
Let x(b) = 2*b**3 - 189*b**2 + 1603*b - 40380. Calculate x(88).
12
Let z(i) = 254*i**2 + 2576*i + 656. What is z(-10)?
296
Let y(x) = -4*x**3 + 1222*x**2 - 586*x - 7585. Determine y(305).
-265
Let u(x) = -2*x**3 + 23*x**2 + 19*x + 3. Give u(11).
333
Let o(q) = -7*q**3 + 294*q**2 - 2*q + 14. What is o(42)?
-70
Let l(g) = -3*g**2 + 699*g + 24489. Give l(264).
-63
Let q(s) = -451*s**2 + 15818*s - 1170. Give q(35).
-15
Let g(k) = k**3 - 181*k**2 + 7060*k + 1032. Determine g(124).
40
Let k(m) = m**3 + 24*m**2 - 125*m - 3733. Determine k(-22).
-15
Let b(a) = -a**3 + 11*a**2 - 36*a + 910. Calculate b(14).
-182
Let i(o) = o**2 - 718*o - 10194. Give i(-14).
54
Let f(c) = -c**3 - 128*c**2 - 2725*c + 220. Give f(-101).
18
Let m(f) = 3*f**3 - 3340*f**2 - 1094*f + 2456384. Give m(1113).
-7
Let r(a) = -a**3 - 247*a**2 + 2771*a - 87285. What is r(-259)?
-2
Let d(s) = -s**2 + 24950*s - 274457. Determine d(11).
-128
Let z(i) = i**2 - 2417*i - 33986. Calculate z(-14).
48
Let r(t) = -3*t**3 + 80*t**2 + 15*t - 96. What is r(26)?
1646
Let f(u) = u**3 + 68*u**2 + 760*u - 39. Determine f(-55).
-2514
Let x(i) = -2*i**2 - 320*i + 2322. Determine x(-167).
-16
Let d(q) = 618*q - 103210. Calculate d(167).
-4
Let v(n) = -33070*n - 16072047. Determine v(-486).
-27
Let n(o) = 2076*o - 68491. What is n(33)?
17
Let c(o) = 16*o**2 - 1746*o + 19997. Calculate c(13).
3
Let s(k) = -k**3 + 47*k**2 + 158*k - 5286. What is s(48)?
-6
Let j(h) = 3*h**3 - 94*h**2 - 121*h + 616. Determine j(35).
9856
Let s(d) = d**2 + 4719*d - 228625. Calculate s(48).
191
Let i(m) = -78*m**2 - 25861*m + 25860. What is i(1)?
-79
Let g(j) = -10*j**2 + 2552*j - 93198. Determine g(211).
64
Let s(v) = 229*v**2 + 181586*v - 8735. What is s(-793)?
-12
Let l(z) = 2*z**3 + 4120*z**2 + 41045*z + 452. What is l(-10)?
2
Let y(z) = -9696*z - 329701. Determine y(-34).
-37
Let s(u) = -2*u**3 + 69*u**2 - 267*u - 138. What is s(30)?
-48
Let g(n) = -3*n**2 + 2960*n - 435599. Determine g(180).
1
Let z(i) = i**3 + 40*i**2 + 94*i + 1429. Calculate z(-39).
-716
Let w(c) = -21*c**3 - 203*c**2 + 7*c - 26. Determine w(-10).
604
Let q(y) = 11850*y - 4017172. Calculate q(339).
-22
Let k(d) = 5*d**3 - 23*d**2 + 89*d - 53. What is k(5)?
442
Let g(t) = -11*t**3 + 10*t**2 - 243*t + 663. Determine g(3).
-273
Let r(o) = -o**2 + 1035*o - 171448. Calculate r(207).
-52
Let f(b) = -20445*b + 204448. Calculate f(10).
-2
Let s(l) = 1183*l - 155053. What is s(131)?
-80
Let j(z) = 2*z**3 + 164*z**2 + 3326*z - 270. Give j(-45).
-90
Let r(b) = 12*b**3 - 4785*b**2 - 1193*b - 1604. Calculate r(399).